[INFO] cloning repository https://github.com/aaronlindsay879/raytracer
[INFO] running `Command { std: "git" "-c" "credential.helper=" "-c" "credential.helper=/workspace/cargo-home/bin/git-credential-null" "clone" "--bare" "https://github.com/aaronlindsay879/raytracer" "/workspace/cache/git-repos/https%3A%2F%2Fgithub.com%2Faaronlindsay879%2Fraytracer", kill_on_drop: false }`
[INFO] [stderr] Cloning into bare repository '/workspace/cache/git-repos/https%3A%2F%2Fgithub.com%2Faaronlindsay879%2Fraytracer'...
[INFO] running `Command { std: "git" "rev-parse" "HEAD", kill_on_drop: false }`
[INFO] [stdout] 82903515a83576df451ae44adaf3554c060cc6c6
[INFO] checking aaronlindsay879/raytracer against master#9610dfe5a9a731ced1ea4923ecbd0c57fe367898 for beta-170-4
[INFO] running `Command { std: "git" "clone" "/workspace/cache/git-repos/https%3A%2F%2Fgithub.com%2Faaronlindsay879%2Fraytracer" "/workspace/builds/worker-0-tc1/source", kill_on_drop: false }`
[INFO] [stderr] Cloning into '/workspace/builds/worker-0-tc1/source'...
[INFO] [stderr] done.
[INFO] validating manifest of git repo https://github.com/aaronlindsay879/raytracer on toolchain 9610dfe5a9a731ced1ea4923ecbd0c57fe367898
[INFO] running `Command { std: CARGO_HOME="/workspace/cargo-home" RUSTUP_HOME="/workspace/rustup-home" "/workspace/cargo-home/bin/cargo" "+9610dfe5a9a731ced1ea4923ecbd0c57fe367898" "metadata" "--manifest-path" "Cargo.toml" "--no-deps", kill_on_drop: false }`
[INFO] started tweaking git repo https://github.com/aaronlindsay879/raytracer
[INFO] finished tweaking git repo https://github.com/aaronlindsay879/raytracer
[INFO] tweaked toml for git repo https://github.com/aaronlindsay879/raytracer written to /workspace/builds/worker-0-tc1/source/Cargo.toml
[INFO] crate git repo https://github.com/aaronlindsay879/raytracer already has a lockfile, it will not be regenerated
[INFO] running `Command { std: CARGO_HOME="/workspace/cargo-home" RUSTUP_HOME="/workspace/rustup-home" "/workspace/cargo-home/bin/cargo" "+9610dfe5a9a731ced1ea4923ecbd0c57fe367898" "fetch" "--manifest-path" "Cargo.toml", kill_on_drop: false }`
[INFO] [stderr]     Updating crates.io index
[INFO] [stderr]  Downloading crates ...
[INFO] [stderr]   Downloaded forward_ref_generic v0.2.1
[INFO] running `Command { std: "docker" "create" "-v" "/var/lib/crater-agent-workspace/builds/worker-0-tc1/target:/opt/rustwide/target:rw,Z" "-v" "/var/lib/crater-agent-workspace/builds/worker-0-tc1/source:/opt/rustwide/workdir:ro,Z" "-v" "/var/lib/crater-agent-workspace/cargo-home:/opt/rustwide/cargo-home:ro,Z" "-v" "/var/lib/crater-agent-workspace/rustup-home:/opt/rustwide/rustup-home:ro,Z" "-e" "SOURCE_DIR=/opt/rustwide/workdir" "-e" "CARGO_TARGET_DIR=/opt/rustwide/target" "-e" "CARGO_HOME=/opt/rustwide/cargo-home" "-e" "RUSTUP_HOME=/opt/rustwide/rustup-home" "-w" "/opt/rustwide/workdir" "-m" "1610612736" "--user" "0:0" "--network" "none" "ghcr.io/rust-lang/crates-build-env/linux@sha256:5ff2268d62e97bff2cde7d5815dd6ed5b47097566f13b8d0ca110b04b60e07ed" "/opt/rustwide/cargo-home/bin/cargo" "+9610dfe5a9a731ced1ea4923ecbd0c57fe367898" "metadata" "--no-deps" "--format-version=1", kill_on_drop: false }`
[INFO] [stdout] d184a46a2433021bb9708408b871f35a59252f044c21e3ff39967ff4d5dc4e71
[INFO] running `Command { std: "docker" "start" "-a" "d184a46a2433021bb9708408b871f35a59252f044c21e3ff39967ff4d5dc4e71", kill_on_drop: false }`
[INFO] running `Command { std: "docker" "inspect" "d184a46a2433021bb9708408b871f35a59252f044c21e3ff39967ff4d5dc4e71", kill_on_drop: false }`
[INFO] running `Command { std: "docker" "rm" "-f" "d184a46a2433021bb9708408b871f35a59252f044c21e3ff39967ff4d5dc4e71", kill_on_drop: false }`
[INFO] [stdout] d184a46a2433021bb9708408b871f35a59252f044c21e3ff39967ff4d5dc4e71
[INFO] running `Command { std: "docker" "create" "-v" "/var/lib/crater-agent-workspace/builds/worker-0-tc1/target:/opt/rustwide/target:rw,Z" "-v" "/var/lib/crater-agent-workspace/builds/worker-0-tc1/source:/opt/rustwide/workdir:ro,Z" "-v" "/var/lib/crater-agent-workspace/cargo-home:/opt/rustwide/cargo-home:ro,Z" "-v" "/var/lib/crater-agent-workspace/rustup-home:/opt/rustwide/rustup-home:ro,Z" "-e" "SOURCE_DIR=/opt/rustwide/workdir" "-e" "CARGO_TARGET_DIR=/opt/rustwide/target" "-e" "CARGO_INCREMENTAL=0" "-e" "RUST_BACKTRACE=full" "-e" "RUSTFLAGS=--cap-lints=forbid" "-e" "RUSTDOCFLAGS=--cap-lints=forbid" "-e" "CARGO_HOME=/opt/rustwide/cargo-home" "-e" "RUSTUP_HOME=/opt/rustwide/rustup-home" "-w" "/opt/rustwide/workdir" "-m" "1610612736" "--user" "0:0" "--network" "none" "ghcr.io/rust-lang/crates-build-env/linux@sha256:5ff2268d62e97bff2cde7d5815dd6ed5b47097566f13b8d0ca110b04b60e07ed" "/opt/rustwide/cargo-home/bin/cargo" "+9610dfe5a9a731ced1ea4923ecbd0c57fe367898" "check" "--frozen" "--all" "--all-targets" "--message-format=json", kill_on_drop: false }`
[INFO] [stdout] da2980d7895db391346dcf9bfd3cff6a240c7264bb26a3406cdaca49551b09ce
[INFO] running `Command { std: "docker" "start" "-a" "da2980d7895db391346dcf9bfd3cff6a240c7264bb26a3406cdaca49551b09ce", kill_on_drop: false }`
[INFO] [stderr]    Compiling syn v1.0.99
[INFO] [stderr]     Checking once_cell v1.13.1
[INFO] [stderr]    Compiling crossbeam-utils v0.8.11
[INFO] [stderr]    Compiling crossbeam-epoch v0.9.10
[INFO] [stderr]    Compiling rayon-core v1.9.3
[INFO] [stderr]    Compiling rayon v1.5.3
[INFO] [stderr]     Checking miniz_oxide v0.5.3
[INFO] [stderr]    Compiling num-traits v0.2.15
[INFO] [stderr]    Compiling serde_derive v1.0.144
[INFO] [stderr]    Compiling futures-core v0.3.24
[INFO] [stderr]     Checking either v1.8.0
[INFO] [stderr]     Checking getrandom v0.2.7
[INFO] [stderr]    Compiling num-integer v0.1.45
[INFO] [stderr]    Compiling serde v1.0.144
[INFO] [stderr]     Checking spin v0.9.4
[INFO] [stderr]    Compiling num-rational v0.4.1
[INFO] [stderr]     Checking futures-sink v0.3.24
[INFO] [stderr]     Checking weezl v0.1.7
[INFO] [stderr]     Checking deflate v1.0.0
[INFO] [stderr]     Checking nanorand v0.7.0
[INFO] [stderr]     Checking rand_core v0.6.3
[INFO] [stderr]     Checking threadpool v1.8.1
[INFO] [stderr]     Checking terminal_size v0.1.17
[INFO] [stderr]     Checking unicode-width v0.1.9
[INFO] [stderr]     Checking color_quant v1.1.0
[INFO] [stderr]     Checking bit_field v0.10.1
[INFO] [stderr]     Checking half v1.8.2
[INFO] [stderr]     Checking lebe v0.5.2
[INFO] [stderr]     Checking console v0.15.1
[INFO] [stderr]     Checking rand_chacha v0.3.1
[INFO] [stderr]     Checking scoped_threadpool v0.1.9
[INFO] [stderr]     Checking number_prefix v0.4.0
[INFO] [stderr]     Checking bytemuck v1.12.1
[INFO] [stderr]     Checking gif v0.11.4
[INFO] [stderr]     Checking forward_ref_generic v0.2.1
[INFO] [stderr]     Checking flate2 v1.0.24
[INFO] [stderr]     Checking png v0.17.5
[INFO] [stderr]     Checking crossbeam-channel v0.5.6
[INFO] [stderr]     Checking rand v0.8.5
[INFO] [stderr]     Checking crossbeam-deque v0.8.2
[INFO] [stderr]     Checking jpeg-decoder v0.2.6
[INFO] [stderr]     Checking indicatif v0.17.0
[INFO] [stderr]     Checking tiff v0.7.3
[INFO] [stderr]    Compiling pin-project-internal v1.0.12
[INFO] [stderr]    Compiling serde_tuple_macros v0.5.0
[INFO] [stderr]     Checking pin-project v1.0.12
[INFO] [stderr]     Checking flume v0.10.14
[INFO] [stderr]     Checking exr v1.5.0
[INFO] [stderr]     Checking image v0.24.3
[INFO] [stderr]     Checking toml v0.5.9
[INFO] [stderr]     Checking serde_tuple v0.5.0
[INFO] [stderr]     Checking raytracer v0.1.0 (/opt/rustwide/workdir)
[INFO] [stdout] error[E0635]: unknown feature `is_some_with`
[INFO] [stdout]  --> src/main.rs:1:12
[INFO] [stdout]   |
[INFO] [stdout] 1 | #![feature(is_some_with)]
[INFO] [stdout]   |            ^^^^^^^^^^^^
[INFO] [stdout] 
[INFO] [stdout] 
[INFO] [stdout] error[E0635]: unknown feature `is_some_with`
[INFO] [stdout]  --> src/main.rs:1:12
[INFO] [stdout]   |
[INFO] [stdout] 1 | #![feature(is_some_with)]
[INFO] [stdout]   |            ^^^^^^^^^^^^
[INFO] [stdout] 
[INFO] [stdout] 
[INFO] [stdout] error[E0308]: mismatched types
[INFO] [stdout]   --> src/shapes/mod.rs:59:51
[INFO] [stdout]    |
[INFO] [stdout] 59 | ...                   .is_some_and(|&intersect| intersect > 0.0 && intersect < 1.0)
[INFO] [stdout]    |                                     ^---------
[INFO] [stdout]    |                                     ||
[INFO] [stdout]    |                                     |expected due to this
[INFO] [stdout]    |                                     expected `f64`, found `&_`
[INFO] [stdout]    |
[INFO] [stdout]    = note:   expected type `f64`
[INFO] [stdout]            found reference `&_`
[INFO] [stdout] help: consider removing `&` from the pattern
[INFO] [stdout]    |
[INFO] [stdout] 59 -                                     .is_some_and(|&intersect| intersect > 0.0 && intersect < 1.0)
[INFO] [stdout] 59 +                                     .is_some_and(|intersect| intersect > 0.0 && intersect < 1.0)
[INFO] [stdout]    |
[INFO] [stdout] 
[INFO] [stdout] 
[INFO] [stdout] error[E0308]: mismatched types
[INFO] [stdout]   --> src/shapes/mod.rs:59:51
[INFO] [stdout]    |
[INFO] [stdout] 59 | ...                   .is_some_and(|&intersect| intersect > 0.0 && intersect < 1.0)
[INFO] [stdout]    |                                     ^---------
[INFO] [stdout]    |                                     ||
[INFO] [stdout]    |                                     |expected due to this
[INFO] [stdout]    |                                     expected `f64`, found `&_`
[INFO] [stdout]    |
[INFO] [stdout]    = note:   expected type `f64`
[INFO] [stdout]            found reference `&_`
[INFO] [stdout] help: consider removing `&` from the pattern
[INFO] [stdout]    |
[INFO] [stdout] 59 -                                     .is_some_and(|&intersect| intersect > 0.0 && intersect < 1.0)
[INFO] [stdout] 59 +                                     .is_some_and(|intersect| intersect > 0.0 && intersect < 1.0)
[INFO] [stdout]    |
[INFO] [stdout] 
[INFO] [stdout] 
[INFO] [stdout] error: aborting due to 2 previous errors
[INFO] [stdout] 
[INFO] [stdout] 
[INFO] [stdout] Some errors have detailed explanations: E0308, E0635.
[INFO] [stdout] 
[INFO] [stdout] For more information about an error, try `rustc --explain E0308`.
[INFO] [stdout] 
[INFO] [stdout] error: aborting due to 2 previous errors
[INFO] [stdout] 
[INFO] [stdout] 
[INFO] [stdout] Some errors have detailed explanations: E0308, E0635.
[INFO] [stdout] 
[INFO] [stdout] For more information about an error, try `rustc --explain E0308`.
[INFO] [stdout] 
[INFO] [stderr] error: could not compile `raytracer` (bin "raytracer") due to 3 previous errors
[INFO] [stderr] warning: build failed, waiting for other jobs to finish...
[INFO] [stderr] error: could not compile `raytracer` (bin "raytracer" test) due to 3 previous errors
[INFO] running `Command { std: "docker" "inspect" "da2980d7895db391346dcf9bfd3cff6a240c7264bb26a3406cdaca49551b09ce", kill_on_drop: false }`
[INFO] running `Command { std: "docker" "rm" "-f" "da2980d7895db391346dcf9bfd3cff6a240c7264bb26a3406cdaca49551b09ce", kill_on_drop: false }`
[INFO] [stdout] da2980d7895db391346dcf9bfd3cff6a240c7264bb26a3406cdaca49551b09ce
